e remainder when 50582 is divided by 548.
166
Calculate the remainder when 132752 is divided by 299.
295
What is the remainder when 22751 is divided by 138?
119
Calculate the remainder when 6042 is divided by 1751.
789
What is the remainder when 13977 is divided by 264?
249
What is the remainder when 105 is divided by 11?
6
Calculate the remainder when 5389 is divided by 1788.
25
What is the remainder when 423942 is divided by 197?
195
What is the remainder when 18006 is divided by 18003?
3
What is the remainder when 555 is divided by 538?
17
What is the remainder when 1111 is divided by 538?
35
What is the remainder when 195081 is divided by 11?
7
What is the remainder when 2324 is divided by 751?
71
What is the remainder when 7626 is divided by 401?
7
Calculate the remainder when 686174 is divided by 41.
39
What is the remainder when 25201 is divided by 548?
541
What is the remainder when 49743 is divided by 24868?
7
What is the remainder when 46381 is divided by 264?
181
Calculate the remainder when 74854 is divided by 390.
364
Calculate the remainder when 6281 is divided by 634.
575
What is the remainder when 430284 is divided by 663?
660
Calculate the remainder when 161496 is divided by 10093.
8
Calculate the remainder when 10173 is divided by 565.
3
Calculate the remainder when 1109 is divided by 444.
221
Calculate the remainder when 29457 is divided by 487.
237
What is the remainder when 24411 is divided by 2440?
11
What is the remainder when 5689 is divided by 21?
19
Calculate the remainder when 442 is divided by 240.
202
What is the remainder when 1164 is divided by 286?
20
What is the remainder when 750171 is divided by 238?
233
Calculate the remainder when 1000 is divided by 374.
252
What is the remainder when 6054 is divided by 98?
76
Calculate the remainder when 90201 is divided by 540.
21
What is the remainder when 9588 is divided by 34?
0
What is the remainder when 829555 is divided by 162?
115
Calculate the remainder when 1083071 is divided by 22.
11
Calculate the remainder when 33358 is divided by 16607.
144
What is the remainder when 10954 is divided by 457?
443
What is the remainder when 54089 is divided by 59?
45
What is the remainder when 1061 is divided by 92?
49
What is the remainder when 1466511 is divided by 829?
10
What is the remainder when 50010 is divided by 16670?
0
What is the remainder when 903 is divided by 165?
78
Calculate the remainder when 280048 is divided by 106.
102
What is the remainder when 24936 is divided by 99?
87
What is the remainder when 33869 is divided by 25?
19
What is the remainder when 91475 is divided by 36?
35
What is the remainder when 1536 is divided by 3?
0
Calculate the remainder when 269031 is divided by 82.
71
What is the remainder when 35826 is divided by 154?
98
Calculate the remainder when 783956 is divided by 14.
12
What is the remainder when 372595 is divided by 4489?
8
What is the remainder when 4520 is divided by 4469?
51
Calculate the remainder when 148812 is divided by 43.
32
Calculate the remainder when 2521 is divided by 458.
231
What is the remainder when 27895 is divided by 720?
535
What is the remainder when 8199635 is divided by 397?
394
What is the remainder when 211840 is divided by 105919?
2
Calculate the remainder when 2106 is divided by 694.
24
Calculate the remainder when 3785 is divided by 245.
110
Calculate the remainder when 746618 is divided by 32.
26
Calculate the remainder when 9579 is divided by 2954.
717
Calculate the remainder when 1295 is divided by 320.
15
What is the remainder when 198 is divided by 16?
6
What is the remainder when 327 is divided by 154?
19
Calculate the remainder when 20134 is divided by 22.
4
Calculate the remainder when 42779 is divided by 93.
92
Calculate the remainder when 40302 is divided by 184.
6
Calculate the remainder when 13333 is divided by 4440.
13
Calculate the remainder when 16308 is divided by 858.
6
What is the remainder when 242 is divided by 162?
80
What is the remainder when 311780 is divided by 89?
13
What is the remainder when 458 is divided by 338?
120
Calculate the remainder when 9229 is divided by 215.
199
Calculate the remainder when 776 is divided by 771.
5
What is the remainder when 9734 is divided by 292?
98
What is the remainder when 1202282 is divided by 9?
8
Calculate the remainder when 90216 is divided by 66.
60
Calculate the remainder when 2552804 is divided by 45.
44
Calculate the remainder when 109818 is divided by 314.
232
What is the remainder when 435 is divided by 104?
19
What is the remainder when 636 is divided by 72?
60
What is the remainder when 1597 is divided by 32?
29
Calculate the remainder when 42551 is divided by 60.
11
What is the remainder when 6596 is divided by 142?
64
Calculate the remainder when 1125 is divided by 540.
45
What is the remainder when 10050 is divided by 28?
26
What is the remainder when 248282 is divided by 342?
332
Calculate the remainder when 544 is divided by 10.
4
What is the remainder when 543170 is divided by 281?
278
Calculate the remainder when 52461 is divided by 34.
33
Calculate the remainder when 954 is divided by 71.
31
What is the remainder when 2497 is divided by 19?
8
What is the remainder when 12565 is divided by 162?
91
What is the remainder when 508954 is divided by 43?
6
What is the remainder when 1163 is divided by 386?
5
Calculate the remainder when 92367 is divided by 557.
462
What is the remainder when 521085 is divided by 14?
5
Calculate the remainder when 16071 is divided by 3121.
466
What is the remainder when 640494 is divided by 39?
36
Calculate the remainder when 4481839 is divided by 22.
21
What is the remainder when 76594 is divided by 85?
9
What is the remainder when 664 is divided by 349?
315
What is the remainder when 1989 is divided by 23?
11
What is the remainder when 1837 is divided by 335?
162
What is the remainder when 236393 is divided by 138?
137
What is the remainder when 79450 is divided by 126?
70
Calculate the remainder when 29248 is divided by 424.
416
What is the remainder when 4547 is divided by 1041?
383
Calculate the remainder when 17169 is divided by 85.
84
What is the remainder when 178649 is divided by 178640?
9
Calculate the remainder when 82812 is divided by 129.
123
What is the remainder when 5013 is divided by 2480?
53
What is the remainder when 25486 is divided by 232?
198
Calculate the remainder when 2186 is divided by 9.
8
What is the remainder when 798172 is divided by 7?
4
What is the remainder when 5705 is divided by 2841?
23
Calculate the remainder when 12397 is divided by 80.
77
What is the remainder when 1329962 is divided by 1427?
1425
Calculate the remainder when 68449 is divided by 3802.
13
What is the remainder when 10394998 is divided by 75?
73
Calculate the remainder when 109006 is divided by 201.
64
Calculate the remainder when 1320 is divided by 200.
120
What is the remainder when 82592 is divided by 8?
0
Calculate the remainder when 290777 is divided by 2485.
32
Calculate the remainder when 161628 is divided by 179.
170
What is the remainder when 2254 is divided by 24?
22
What is the remainder when 425741 is divided by 49?
29
What is the remainder when 18733 is divided by 215?
28
What is the remainder when 247399 is divided by 119?
117
Calculate the remainder when 1012 is divided by 245.
32
What is the remainder when 10595 is divided by 120?
35
What is the remainder when 130246 is divided by 67?
65
What is the remainder when 5107197 is divided by 1536?
1533
What is the remainder when 10760 is divided by 78?
74
Calculate the remainder when 29452 is divided by 24.
4
Calculate the remainder when 7165 is divided by 37.
24
Calculate the remainder when 32107 is divided by 5347.
25
What is the remainder when 11695 is divided by 1496?
1223
Calculate the remainder when 3592 is divided by 199.
10
What is the remainder when 79376 is divided by 319?
264
What is the remainder when 31768 is divided by 2?
0
What is the remainder when 1187 is divided by 713?
474
What is the remainder when 1536 is divided by 260?
236
Calculate the remainder when 125806 is divided by 9675.
31
Calculate the remainder when 5054 is divided by 509.
473
What is the remainder when 67 is divided by 55?
12
Calculate the remainde